alculate the remainder when 67654 is divided by 67649.
5
Calculate the remainder when 26599 is divided by 40.
39
Calculate the remainder when 4058 is divided by 960.
218
Calculate the remainder when 7552 is divided by 2489.
85
Calculate the remainder when 1644 is divided by 72.
60
Calculate the remainder when 27379 is divided by 71.
44
Calculate the remainder when 122372 is divided by 122348.
24
Calculate the remainder when 248 is divided by 51.
44
What is the remainder when 2879125 is divided by 1017?
1015
Calculate the remainder when 1595 is divided by 225.
20
Calculate the remainder when 36091 is divided by 48.
43
What is the remainder when 12189 is divided by 73?
71
Calculate the remainder when 166252 is divided by 467.
0
Calculate the remainder when 6169 is divided by 268.
5
Calculate the remainder when 24963 is divided by 12385.
193
What is the remainder when 4172 is divided by 1010?
132
What is the remainder when 25252 is divided by 155?
142
Calculate the remainder when 17914 is divided by 62.
58
What is the remainder when 844938 is divided by 30?
18
Calculate the remainder when 6147 is divided by 472.
11
What is the remainder when 489832 is divided by 45?
7
What is the remainder when 367377 is divided by 20?
17
What is the remainder when 152308 is divided by 456?
4
Calculate the remainder when 212573 is divided by 23616.
29
Calculate the remainder when 11847 is divided by 95.
67
Calculate the remainder when 826997 is divided by 826982.
15
Calculate the remainder when 105252 is divided by 95.
87
Calculate the remainder when 106240 is divided by 35.
15
What is the remainder when 229692 is divided by 1823?
1817
What is the remainder when 981 is divided by 307?
60
Calculate the remainder when 557320 is divided by 27.
13
Calculate the remainder when 14834 is divided by 203.
15
Calculate the remainder when 455276 is divided by 3449.
8
Calculate the remainder when 9706 is divided by 810.
796
What is the remainder when 6458 is divided by 405?
383
What is the remainder when 3249454 is divided by 48?
46
What is the remainder when 16299 is divided by 36?
27
Calculate the remainder when 2672 is divided by 2534.
138
What is the remainder when 333 is divided by 149?
35
Calculate the remainder when 37029 is divided by 161.
160
Calculate the remainder when 198524 is divided by 79.
76
Calculate the remainder when 294663 is divided by 18416.
7
Calculate the remainder when 4672 is divided by 120.
112
Calculate the remainder when 298458 is divided by 662.
558
What is the remainder when 2035 is divided by 1995?
40
What is the remainder when 146970 is divided by 1563?
48
Calculate the remainder when 5668 is divided by 291.
139
What is the remainder when 15399 is divided by 23?
12
What is the remainder when 1311 is divided by 93?
9
What is the remainder when 6667 is divided by 1663?
15
What is the remainder when 914 is divided by 63?
32
Calculate the remainder when 1147 is divided by 295.
262
What is the remainder when 27270 is divided by 617?
122
What is the remainder when 22297 is divided by 354?
349
What is the remainder when 16397 is divided by 6?
5
Calculate the remainder when 24738 is divided by 4120.
18
Calculate the remainder when 46326 is divided by 464.
390
Calculate the remainder when 604478 is divided by 250.
228
Calculate the remainder when 98519 is divided by 52.
31
Calculate the remainder when 52829 is divided by 161.
21
What is the remainder when 151701 is divided by 242?
209
What is the remainder when 18739 is divided by 116?
63
What is the remainder when 3567 is divided by 133?
109
What is the remainder when 133597 is divided by 67?
66
Calculate the remainder when 1638 is divided by 121.
65
What is the remainder when 2274 is divided by 1795?
479
What is the remainder when 17323 is divided by 145?
68
Calculate the remainder when 471281 is divided by 4.
1
Calculate the remainder when 7674 is divided by 861.
786
What is the remainder when 1097346 is divided by 12?
6
What is the remainder when 55979 is divided by 17?
15
What is the remainder when 29592 is divided by 24?
0
Calculate the remainder when 245888 is divided by 61452.
80
What is the remainder when 25506 is divided by 8?
2
What is the remainder when 7321 is divided by 210?
181
Calculate the remainder when 90136 is divided by 553.
550
Calculate the remainder when 9865 is divided by 92.
21
Calculate the remainder when 41829 is divided by 24.
21
Calculate the remainder when 1473 is divided by 1449.
24
What is the remainder when 1582 is divided by 1499?
83
What is the remainder when 17363 is divided by 949?
281
Calculate the remainder when 5846 is divided by 216.
14
Calculate the remainder when 25450 is divided by 69.
58
Calculate the remainder when 96423 is divided by 99.
96
Calculate the remainder when 23413 is divided by 64.
53
Calculate the remainder when 164794 is divided by 37.
33
Calculate the remainder when 13578 is divided by 6555.
468
Calculate the remainder when 44308 is divided by 105.
103
What is the remainder when 30178 is divided by 12?
10
Calculate the remainder when 1018505 is divided by 339500.
5
What is the remainder when 46918 is divided by 11695?
138
Calculate the remainder when 2026131 is divided by 97.
92
Calculate the remainder when 1293 is divided by 1237.
56
What is the remainder when 3184 is divided by 1055?
19
What is the remainder when 6019 is divided by 993?
61
Calculate the remainder when 60505 is divided by 52.
29
Calculate the remainder when 2569 is divided by 13.
8
Calculate the remainder when 43547 is divided by 335.
332
What is the remainder when 122065 is divided by 466?
439
Calculate the remainder when 2937 is divided by 363.
33
Calculate the remainder when 174045 is divided by 59.
54
Calculate the remainder when 342190 is divided by 342185.
5
What is the remainder when 2722 is divided by 101?
96
Calculate the remainder when 2753556 is divided by 1679.
1675
What is the remainder when 607133 is divided by 415?
403
What is the remainder when 6162 is divided by 560?
2
What is the remainder when 10167 is divided by 207?
24
Calculate the remainder when 379 is divided by 184.
11
Calculate the remainder when 52531 is divided by 25.
6
Calculate the remainder when 1366 is divided by 512.
342
Calculate the remainder when 12299 is divided by 1229.
9
What is the remainder when 2675 is divided by 701?
572
What is the remainder when 2145 is divided by 180?
165
What is the remainder when 30512 is divided by 177?
68
What is the remainder when 67998 is divided by 80?
78
What is the remainder when 1314 is divided by 224?
194
What is the remainder when 1111 is divided by 39?
19
Calculate the remainder when 2248 is divided by 202.
26
What is the remainder when 22154 is divided by 11068?
18
Calculate the remainder when 8773 is divided by 8713.
60
What is the remainder when 643 is divided by 605?
38
Calculate the remainder when 56731 is divided by 96.
91
What is the remainder when 87440 is divided by 126?
122
What is the remainder when 19948 is divided by 412?
172
What is the remainder when 106333 is divided by 765?
763
Calculate the remainder when 105900 is divided by 7060.
0
Calculate the remainder when 5555 is divided by 1386.
11
Calculate the remainder when 95741 is divided by 44.
41
Calculate the remainder when 43504 is divided by 35.
34
What is the remainder when 123791 is divided by 82?
53
Calculate the remainder when 5469 is divided by 110.
79
Calculate the remainder when 10050 is divided by 2008.
10
Calculate the remainder when 6729 is divided by 2046.
591
Calculate the remainder when 724822 is divided by 4.
2
What is the remainder when 351894 is divided by 175946?
2
Calculate the remainder when 17169 is divided by 1560.
9
What is the remainder when 1359 is divided by 449?
12
Calculate the remainder when 4476 is divided by 1017.
408
Calculate the remainder when 1057 is divided by 513.
31
What is the remainder when 18033 is divided by 8891?
251
Calculate the remainder when 53076 is divided by 4.
0
Calculate the remainder when 779856 is divided by 239.
238
Calculate the remainder when 2640429 is divided by 38.
37
Calculate the remainder when 132974 is divided by 655.
9
What is the remainder when 27061 is divided by 70?
41
What is the remainder when 21411 is divi